-5
Suppose 2*r = -3*u - 3, 2*r + 29 = 7*u - 4. Let i(t) be the first derivative of -12*t + 15 - 1/4*t**4 + 4*t**u - 5*t**2. Determine i(11).
-1
Let t(p) = -3*p - 19. Let b(s) = -14*s - 76. Let w(g) = 2*b(g) - 9*t(g). Let i(n) = -10*n + 529. Let a be i(51). Determine w(a).
0
Let h = -195 + 256. Suppose -h*i = -48*i - 117. Let v(d) be the third derivative of -d**4/12 + 3*d**3/2 + 2*d**2. Calculate v(i).
-9
Let n(m) be the third derivative of 2/3*m**3 - 1/60*m**5 + 0 + 34*m - 2*m**2 + 1/12*m**4. Calculate n(-2).
-4
Let o(l) = -19*l - 11 + 1 + l**3 + 16*l**2 - 28*l**2 + 31*l. Determine o(11).
1
Suppose -3*w - 2*x - 2 = 0, -22 = -3*w - x + 5*x. Suppose 0 = -w*l - 21 + 29. Suppose -3*m + 4*n - 24 = -7*m, m + l = n. Let b(k) = -2*k**2 - 1. Give b(m).
-3
Let h(t) = -7*t**2 - 20*t - 2. Let g(l) = 3*l**2 + 10*l + 1. Let n(c) = -5*g(c) - 2*h(c). Suppose 4*i = -2*a, 0 = 10*i + 11*i - 21*i + 2*a - 32. Calculate n(i).
15
Let g(j) = 3*j + 37. Let r(t) = -t - 5. Let p be r(6). Let w be g(p). Let k(m) = 5*m**2 + 2*m - 1 + m**3 + w - 7. Calculate k(-4).
4
Suppose -22*u - 52 = -294. Let x(p) = 684*p**2 + 4*p - 682*p**2 - u*p. What is x(5)?
15
Let h(v) = -v**3 + v**2 + v + 4. Let z = -164 + 167. Suppose 0 = -b - z*l - 6, -l = -3*b + 3 - 1. What is h(b)?
4
Suppose 174*w = -3*j + 169*w - 19, 0 = 4*w + 8. Let n(o) = -1. Let i(h) = -2*h - 9. Let y(x) = i(x) - 3*n(x). What is y(j)?
0
Let a be -7*((-162)/63 - (-3 - -1) - 0). Let x(n) be the third derivative of 0*n + 0 - 7*n**2 + 1/24*n**a - 7/2*n**3. Give x(9).
-12
Let x be 12/21 - 119/(-49). Suppose 3*t - 3*f = x, 4*t + 0*f + 1 = -f. Let g(w) = w**2 - w + 10. Calculate g(t).
10
Let b(p) be the second derivative of -1 + 14*p - 1/2*p**3 - 1/2*p**2. Determine b(2).
-7
Let u(q) = q**3 + 8*q**2 + 7*q + 10. Let g = -186 - -277. Suppose 8*d - g = 21*d. Calculate u(d).
10
Let v(g) = -2*g**2 + 13*g - 12. Let i(b) = -b**3 - 47*b**2 - 88*b + 92. Let w be i(-45). What is v(w)?
6
Let v(u) = -11*u**2 + u + 1. Let z be v(-1). Let r = -404 - -406. Let n(d) = -d**3 - 24*d**2 - 4*d**2 + 16*d**r + 2 - 11*d. Calculate n(z).
2
Let x be 4 - (0 + 4) - (19 + -46). Let k(o) = -27*o**2 + 3*o**3 + 2*o**3 + 2 - 4*o**3. Let g be k(x). Let z(h) = 8*h. Determine z(g).
16
Let o(j) = j**2 + 6*j + 4. Suppose -2*c + 4*i + 8 = 0, 0 = -8*c + 4*c + 5*i + 13. Let a be c/(-18) + (-7)/(-18)*-10. What is o(a)?
-4
Let p(l) = 2 + 3*l**3 - l - l - 2*l**2 - l**3. Suppose 124*c - 4425 + 4177 = 0. Determine p(c).
6
Let m = 927 + -917. Let f(z) = -58 - z**2 + 22 + 32 - m*z + 17. Calculate f(-11).
2
Let h(g) = -g**3 + 11*g**2 + 122*g + 75. Let t be h(18). Let y(o) = -1 + 5 + 3*o**2 - 2 - 3*o + 2. Calculate y(t).
22
Suppose 130 = 60*u - 140 - 210. Let d(f) = -f**3 + 7*f**2 + 13*f - 35. Determine d(u).
5
Suppose 25 = 2*h - 3*s, s - 5 = -3*h + 49. Let k(y) = -17*y + 9*y + 11 + 0 + 10*y - 3*y. Calculate k(h).
-6
Let q(a) = -6748*a - 1 + 33*a**2 - 4*a**3 + 6822*a - 15*a**2 + 5*a**3. What is q(-6)?
-13
Let x(b) = -b**2 - b + 8. Suppose -10*n = -2*n - 48. Suppose g = -n*g + g. Suppose g = 32*a - 35*a. What is x(a)?
8
Let x be 9 - 0/(-15) - -6. Let f(l) = l**3 - 14*l**2 - 10*l + 5. What is f(x)?
80
Let m = -90731 - -90737. Let h(w) be the second derivative of w**3/3 - 13*w**2/2 + w. Determine h(m).
-1
Let f(k) = 0*k + 12*k + 79 - 63 - 84 + k**2. Give f(-14).
-40
Let r(v) = v + 6. Let z = -4654 + 4659. What is r(z)?
11
Let v(g) = -g - 3. Let h(l) = -1. Let x(q) = 12*h(q) + 4*v(q). Let w be x(-5). Let y(f) = -3 + 5 - 1 - 6 - 2*f + f**2. Calculate y(w).
19
Let d(k) = k**3 - 2*k**2 + k - 2. Let n(y) = -5*y**3 + 6*y**2 + 5. Let j be 12*(-36)/135 - (-8)/(-10). Let g(s) = j*d(s) - n(s). Calculate g(2).
11
Let k(x) = x - 125. Let g(m) = 2*m - 271. Let p(u) = 2*g(u) - 5*k(u). Calculate p(0).
83
Let n(p) = -34*p + 13. Let u(c) = -75*c + 28. Let i(g) = 11*n(g) - 5*u(g). Suppose 3*f - 12 = 3. Suppose -f*o = -o + 32. Give i(o).
-5
Suppose -227*d - 12 = -230*d. Suppose 5*z - d*b = 13, -7*b + 7 = -z - 3*b. Let o(n) = 5*n - 2. Determine o(z).
23
Let q(o) = o**3 + 5*o**2 + 3. Suppose 92 = 177*s - 62*s - 69*s. What is q(s)?
31
Let b(t) be the first derivative of 5*t**2 - 231*t - 135. Calculate b(22).
-11
Let f(j) = -2*j**2 + 3*j + 4. Let w = 6 + -1. Let k(i) = -3*i**2 + 5*i + 6. Let b(y) = w*k(y) - 7*f(y). Suppose 4*s - 8 = 0, 29*s = -2*t + 33*s. Calculate b(t).
2
Let h(o) = -o**2 + 5*o + 1. Suppose -4*f + 6*f - 1 = -p, -3*f - 5*p = 9. Let k be (-1)/((1/2)/((-19)/f)). Suppose 0 = 9*a - k - 17. Determine h(a).
5
Let w(s) = 11*s**2 + 139*s - 89. Let i(m) = 7*m**2 + 90*m - 59. Let k(a) = 8*i(a) - 5*w(a). Calculate k(-26).
-1
Suppose 8*r - 7*r + 18 = 0. Let y be (r - -13)/(5/(-1)). Let z(v) = -2*v**3 - v**2 + v - 1. Determine z(y).
-3
Let t(r) = -11*r + 25. Let i(k) = -8*k + 17. Let q(x) = -7*i(x) + 5*t(x). Let w = 21 - 21. Suppose -2*y - 2*y - 20 = w. Calculate q(y).
1
Let i be 4/11*(-22)/(-2). Let t(q) = -3*q**2 + 22*q - 13. Give t(i).
27
Let r(n) be the second derivative of -n**5/20 + 7*n**4/4 - 17*n**3/6 - 65*n**2/2 - 9*n - 19. Give r(20).
-5
Let h(x) be the third derivative of -x**5/60 + 5*x**4/8 - 28*x**3/3 + 5*x**2 + 3*x. Let c be h(7). Let z(b) = -b**2 - b - 13. Determine z(c).
-13
Let b(y) = 175*y + 534. Let n(x) = -59*x - 174. Let s(a) = -6*b(a) - 17*n(a). Calculate s(-5).
-11
Let u(b) = 170*b + 2736. Let z be u(-16). Let q(t) = t**3 - 15*t**2 - 16*t - 18. Give q(z).
-18
Let c(b) be the second derivative of -b**5/20 + 2*b**4/3 + 5*b**3/6 - 11*b**2/2 - 158*b - 2. Calculate c(8).
29
Let j = -209 + 247. Let f(x) = -39*x - 7 - j*x + 73*x. Calculate f(6).
-31
Let w(t) = 3*t - 10. Let h(y) = -y**3 - 11*y**2 - 15*y - 47. Let n be h(-10). Suppose -l - 8 = -n*l. Calculate w(l).
2
Let h(b) be the second derivative of -b**5/30 + b**4/6 - b**3/3 + 27*b**2/2 - 152*b. Let o(c) be the first derivative of h(c). Calculate o(2).
-2
Suppose n + 4*a = -3*n + 80, -32 = -n + 3*a. Let l = 26 - n. Let o(k) = -2 + 17*k**l + k**2 + 1 - 9*k**3. What is o(1)?
8
Let s(v) = v**3 + 7*v**2 - 7. Let k(x) = 13*x - 5*x - 6*x - 53. Let m be k(23). Let d be (3 + -1)*m/2. What is s(d)?
-7
Suppose 19*z - 17*z - 3*u - 11 = 0, 10*u + 27 = -3*z. Let q(w) = -56*w**2 + w - 1. What is q(z)?
-56
Let c(n) be the second derivative of n**4/4 + n**3/2 - 4*n**2 + 106*n + 12. Give c(2).
10
Let r(u) = -2*u**2 - 5*u + 4. Let s(t) = -5*t**2 - 9*t + 9. Suppose -8*k - 15 = -3*k, -9 = 2*f + 5*k. Let h(o) = f*s(o) - 7*r(o). Determine h(6).
11
Let p be -2 - 128/(4 - 12). Let t(i) = 2*i + 19*i**3 + 2*i - 32*i**3 - 2*i**2 + 2 + p*i**3 + 7*i**2. What is t(-2)?
6
Suppose -80*r + 75*r - 35 = n, 4*r - 3*n = -9. Let h(q) = -q**3 - 6*q**2 - 4*q - 9. Give h(r).
15
Let v(d) be the first derivative of -1/3*d**3 + 13*d - 8 + 11/2*d**2. Calculate v(12).
1
Let q(m) = 26*m - 1. Let r(z) = 5*z. Let n(l) = 2*q(l) - 11*r(l). Suppose -14*j + 13*j + 2 = 0. What is n(j)?
-8
Let k = 10416 + -10436. Let w(q) = q**2 + 33*q + 270. Calculate w(k).
10
Let f(q) be the first derivative of -q**4/4 + 4*q**3 - 9*q**2 - 27*q + 5889. Give f(10).
-7
Let b(c) = 7*c - 43 + 10878*c**2 - 5476*c**2 - 5401*c**2. What is b(6)?
35
Let a(j) = j**3 - 7*j**2 + j - 7. Let l(i) = i**3 - 8*i**2 + i + 6. Let r = 50 + -42. Let s be l(r). Suppose 14*o - s = 12*o. Give a(o).
0
Suppose 1624 = -23*l + 27*l. Let i = 410 - l. Let f(h) = 12*h - 6. Calculate f(i).
42
Let f(b) = b**2 - 24*b + 7. Let j be (-31 + 8 - 0)/(6 - 7). Determine f(j).
-16
Let i(d) be the third derivative of -3*d**4/8 + 17*d**3 - 2544*d**2. Calculate i(11).
3
Let m(y) = y**3 + 33207 - 7*y - 16597 - 16603 - y**2. Give m(3).
4
Let n(a) = a**3 + 6. Let c be n(0). Suppose -5*w + 4*w = -5*i + 7, 2*i + 5 = 3*w. Let z(v) = -376*v**2 + 1 + v**w + 0*v**3 + v + 370*v**2. Calculate z(c).
7
Let u(c) be the second derivative of -5/2*c**2 + 0 + 1/6*c**3 - 125*c. Calculate u(-6).
-11
Let n(i) = -i**2 + 15*i + 10. Suppose -7*j = 51*j - 1044. Calculate n(j).
-44
Let c(t) = 195*t - 56*t - 40*t - 84*t. Let z = -1 - -2. What is c(z)?
15
Suppose -4*k = 9*v - 6*v - 29, 5*v = -5*k + 40. Let x(y) = -3*y - 6*y**2 - y**3 - v + 4*y + 6*y**2 - 2. Suppose -q = -2*q. Calculate x(q).
-5
Let w be 6 + 160/(-28) - 66/(-14). Suppose 0 = -5*r - w*q + 15, -4*r - 2*q = -5*r + 9. Let g(c) be the first derivative of -c**2 + 6*c - 2. Give g(r).
-4
Let h(c) = -5*c**3